{"id":15472,"date":"2014-05-20T07:51:11","date_gmt":"2014-05-20T07:51:11","guid":{"rendered":"http:\/\/demo.qodeinteractive.com\/bridge11\/?page_id=14869"},"modified":"2023-11-04T09:12:54","modified_gmt":"2023-11-04T08:12:54","slug":"home","status":"publish","type":"page","link":"https:\/\/www.leuksys.com\/website\/","title":{"rendered":"Home"},"content":{"rendered":"\t\t<div data-elementor-type=\"wp-page\" data-elementor-id=\"15472\" class=\"elementor elementor-15472\">\n\t\t\t\t\t\t\t\t\t<section class=\"elementor-section elementor-top-section elementor-element elementor-element-273de2c5 elementor-section-boxed elementor-section-height-default elementor-section-height-default parallax_section_no qode_elementor_container_no\" data-id=\"273de2c5\" data-element_type=\"section\">\n\t\t\t\t\t\t<div class=\"elementor-container elementor-column-gap-default\">\n\t\t\t\t\t<div class=\"elementor-column elementor-col-100 elementor-top-column elementor-element elementor-element-2ad1bc2d\" data-id=\"2ad1bc2d\" data-element_type=\"column\">\n\t\t\t<div class=\"elementor-widget-wrap elementor-element-populated\">\n\t\t\t\t\t\t\t\t<div class=\"elementor-element elementor-element-33b26514 elementor-widget elementor-widget-text-editor\" data-id=\"33b26514\" data-element_type=\"widget\" data-widget_type=\"text-editor.default\">\n\t\t\t\t<div class=\"elementor-widget-container\">\n\t\t\t\t\t\t\t<p>[vc_row css_animation=\u00a0\u00bb\u00a0\u00bb row_type=\u00a0\u00bbrow\u00a0\u00bb use_row_as_full_screen_section=\u00a0\u00bbno\u00a0\u00bb type=\u00a0\u00bbgrid\u00a0\u00bb angled_section=\u00a0\u00bbno\u00a0\u00bb text_align=\u00a0\u00bbleft\u00a0\u00bb background_image_as_pattern=\u00a0\u00bbwithout_pattern\u00a0\u00bb padding_top=\u00a0\u00bb109&Prime; padding_bottom=\u00a0\u00bb76&Prime; background_color=\u00a0\u00bb#f8f8f8&Prime;][vc_column][vc_row_inner row_type=\u00a0\u00bbrow\u00a0\u00bb type=\u00a0\u00bbfull_width\u00a0\u00bb text_align=\u00a0\u00bbleft\u00a0\u00bb css_animation=\u00a0\u00bb\u00a0\u00bb][vc_column_inner width=\u00a0\u00bb1\/3&Prime;]<div class='q_icon_with_title very_large circle center '><div class=\"icon_holder \" style=\"margin: 0px 0px 32px 0px; \"><span data-icon-type=\"circle\"   class=\"qode_iwt_icon_holder fa-stack fa-5x  \" style=\"font-size: 72px;border-color: #c2e6e9;\"><i class=\"qode_icon_font_awesome fa fa-globe qode_iwt_icon_element\" style=\"font-size: 40px;color: #f96021;\" ><\/i><\/span><\/div><div class=\"icon_text_holder\" style=\"\"><div class=\"icon_text_inner\" style=\"\"><h5 class=\"icon_title\" style=\"\">ERP \/ CRM<\/h5><p style=''>NG ERP est une nouvelle g\u00e9n\u00e9ration de logiciel de Gestion commerciale qui va certainement vous faire gagner du temps.Des devis \u00e0 la facture en passant par les commandes et les livraisons sans oubliez les proc\u00e9s verbaux d&rsquo;installation.<\/p><\/div><\/div><\/div>[\/vc_column_inner][vc_column_inner width=\u00a0\u00bb1\/3&Prime;]<div class='q_icon_with_title very_large circle center '><div class=\"icon_holder \" style=\"margin: 0px 0px 32px 0px; \"><span data-icon-type=\"circle\"   class=\"qode_iwt_icon_holder fa-stack fa-5x  \" style=\"font-size: 72px;border-color: #c2e6e9;\"><i class=\"qode_icon_font_awesome fa fa-grav qode_iwt_icon_element\" style=\"font-size: 40px;color: #f96021;\" ><\/i><\/span><\/div><div class=\"icon_text_holder\" style=\"\"><div class=\"icon_text_inner\" style=\"\"><h5 class=\"icon_title\" style=\"\">MARKETPLACE<\/h5><p style=''>Le modele Marketplace, l\u2019avenir de la distribution des services cloud. Nous guidons nos clients pas \u00e0 pas dans le monde des marketplaces et les accompagnons pour devenir leader sur leur march\u00e9.<\/p><\/div><\/div><\/div>[\/vc_column_inner][vc_column_inner width=\u00a0\u00bb1\/3&Prime;]<div class='q_icon_with_title very_large circle center '><div class=\"icon_holder \" style=\"margin: 0px 0px 32px 0px; \"><span data-icon-type=\"circle\"   class=\"qode_iwt_icon_holder fa-stack fa-5x  \" style=\"font-size: 72px;border-color: #c2e6e9;\"><i class=\"qode_icon_font_awesome fa fa-heart qode_iwt_icon_element\" style=\"font-size: 40px;color: #f96021;\" ><\/i><\/span><\/div><div class=\"icon_text_holder\" style=\"\"><div class=\"icon_text_inner\" style=\"\"><h5 class=\"icon_title\" style=\"\">Professional Services<\/h5><p style=''>Notre solution Marketplace propose une offre modulaire compl\u00e8te et personnalisable en terme de fonctionnalit\u00e9s et d\u2019exp\u00e9rience utilisateur, permettant \u00e0 nos clients de facilement lancer des marketplaces de produits et\/ou de services.<\/p><\/div><\/div><\/div>[\/vc_column_inner][\/vc_row_inner][\/vc_column][\/vc_row][vc_row row_type=\u00a0\u00bbparallax\u00a0\u00bb parallax_content_width=\u00a0\u00bbin_grid\u00a0\u00bb text_align=\u00a0\u00bbleft\u00a0\u00bb full_screen_section_height=\u00a0\u00bbno\u00a0\u00bb background_image=\u00a0\u00bb15231&Prime; section_height=\u00a0\u00bb612&Prime;][vc_column][vc_separator type=\u00a0\u00bbtransparent\u00a0\u00bb up=\u00a0\u00bb113&Prime; down=\u00a0\u00bb0&Prime;][vc_row_inner row_type=\u00a0\u00bbrow\u00a0\u00bb type=\u00a0\u00bbfull_width\u00a0\u00bb text_align=\u00a0\u00bbleft\u00a0\u00bb css_animation=\u00a0\u00bb\u00a0\u00bb][vc_column_inner width=\u00a0\u00bb1\/2&Prime;][vc_single_image image=\u00a0\u00bb15233&Prime; img_size=\u00a0\u00bbfull\u00a0\u00bb qode_css_animation=\u00a0\u00bbelement_from_fade\u00a0\u00bb transition_delay=\u00a0\u00bb0.3&Prime;][\/vc_column_inner][vc_column_inner width=\u00a0\u00bb1\/2&Prime;][vc_separator type=\u00a0\u00bbtransparent\u00a0\u00bb up=\u00a0\u00bb96&Prime; down=\u00a0\u00bb0&Prime;]<div class=\"custom_font_holder\" style=\"font-family: Montserrat; font-size: 30px; line-height: 36px; font-style: normal; font-weight: 700; color: white; text-decoration: none; letter-spacing: 1px; text-align: center;\">Nous \u00e9tudions ensemble votre projet et adaptons notre application selon vos besoins et vos contraintes.<\/p>\n<p><\/p>\n<p>De l\u2019\u00e9laboration du cahier des charges jusqu\u2019\u00e0 la mise en production, la maintenance et l\u2019h\u00e9bergement, nous pouvons vous accompagner sur l\u2019integralit\u00e9 de votre projet. Nous offrons diff\u00e9rentes m\u00e9thodes de provisionning s\u2019adaptant \u00e0 votre syst\u00e8me existant.<\/div>[vc_separator type=\u00a0\u00bbsmall\u00a0\u00bb position=\u00a0\u00bbcenter\u00a0\u00bb up=\u00a0\u00bb19&Prime; down=\u00a0\u00bb21&Prime;&nbsp; transparency=\u00a0\u00bb0.4&Prime;][\/vc_column_inner][\/vc_row_inner][vc_separator type=\u00a0\u00bbtransparent\u00a0\u00bb up=\u00a0\u00bb151&Prime; down=\u00a0\u00bb0&Prime;][\/vc_column][\/vc_row]<\/p>\t\t\t\t\t\t<\/div>\n\t\t\t\t<\/div>\n\t\t\t\t\t<\/div>\n\t\t<\/div>\n\t\t\t\t\t\t\t<\/div>\n\t\t<\/section>\n\t\t\t\t\t\t\t<\/div>\n\t\t","protected":false},"excerpt":{"rendered":"<p>[vc_row css_animation=\u00a0\u00bb\u00a0\u00bb row_type=\u00a0\u00bbrow\u00a0\u00bb use_row_as_full_screen_section=\u00a0\u00bbno\u00a0\u00bb type=\u00a0\u00bbgrid\u00a0\u00bb angled_section=\u00a0\u00bbno\u00a0\u00bb text_align=\u00a0\u00bbleft\u00a0\u00bb background_image_as_pattern=\u00a0\u00bbwithout_pattern\u00a0\u00bb padding_top=\u00a0\u00bb109&Prime; padding_bottom=\u00a0\u00bb76&Prime; background_color=\u00a0\u00bb#f8f8f8&Prime;][vc_column][vc_row_inner row_type=\u00a0\u00bbrow\u00a0\u00bb type=\u00a0\u00bbfull_width\u00a0\u00bb text_align=\u00a0\u00bbleft\u00a0\u00bb css_animation=\u00a0\u00bb\u00a0\u00bb][vc_column_inner width=\u00a0\u00bb1\/3&Prime;][\/vc_column_inner][vc_column_inner width=\u00a0\u00bb1\/3&Prime;][\/vc_column_inner][vc_column_inner width=\u00a0\u00bb1\/3&Prime;][\/vc_column_inner][\/vc_row_inner][\/vc_column][\/vc_row][vc_row row_type=\u00a0\u00bbparallax\u00a0\u00bb parallax_content_width=\u00a0\u00bbin_grid\u00a0\u00bb text_align=\u00a0\u00bbleft\u00a0\u00bb full_screen_section_height=\u00a0\u00bbno\u00a0\u00bb background_image=\u00a0\u00bb15231&Prime; section_height=\u00a0\u00bb612&Prime;][vc_column][vc_separator type=\u00a0\u00bbtransparent\u00a0\u00bb up=\u00a0\u00bb113&Prime; down=\u00a0\u00bb0&Prime;][vc_row_inner row_type=\u00a0\u00bbrow\u00a0\u00bb type=\u00a0\u00bbfull_width\u00a0\u00bb text_align=\u00a0\u00bbleft\u00a0\u00bb css_animation=\u00a0\u00bb\u00a0\u00bb][vc_column_inner width=\u00a0\u00bb1\/2&Prime;][vc_single_image image=\u00a0\u00bb15233&Prime; img_size=\u00a0\u00bbfull\u00a0\u00bb qode_css_animation=\u00a0\u00bbelement_from_fade\u00a0\u00bb transition_delay=\u00a0\u00bb0.3&Prime;][\/vc_column_inner][vc_column_inner width=\u00a0\u00bb1\/2&Prime;][vc_separator type=\u00a0\u00bbtransparent\u00a0\u00bb up=\u00a0\u00bb96&Prime; down=\u00a0\u00bb0&Prime;][vc_separator type=\u00a0\u00bbsmall\u00a0\u00bb position=\u00a0\u00bbcenter\u00a0\u00bb up=\u00a0\u00bb19&Prime; down=\u00a0\u00bb21&Prime;&nbsp; transparency=\u00a0\u00bb0.4&Prime;][\/vc_column_inner][\/vc_row_inner][vc_separator&#8230;<\/p>\n","protected":false},"author":4,"featured_media":0,"parent":0,"menu_order":0,"comment_status":"closed","ping_status":"closed","template":"full_width.php","meta":{"footnotes":""},"class_list":["post-15472","page","type-page","status-publish","hentry"],"_links":{"self":[{"href":"https:\/\/www.leuksys.com\/website\/wp-json\/wp\/v2\/pages\/15472","targetHints":{"allow":["GET"]}}],"collection":[{"href":"https:\/\/www.leuksys.com\/website\/wp-json\/wp\/v2\/pages"}],"about":[{"href":"https:\/\/www.leuksys.com\/website\/wp-json\/wp\/v2\/types\/page"}],"author":[{"embeddable":true,"href":"https:\/\/www.leuksys.com\/website\/wp-json\/wp\/v2\/users\/4"}],"replies":[{"embeddable":true,"href":"https:\/\/www.leuksys.com\/website\/wp-json\/wp\/v2\/comments?post=15472"}],"version-history":[{"count":34,"href":"https:\/\/www.leuksys.com\/website\/wp-json\/wp\/v2\/pages\/15472\/revisions"}],"predecessor-version":[{"id":15762,"href":"https:\/\/www.leuksys.com\/website\/wp-json\/wp\/v2\/pages\/15472\/revisions\/15762"}],"wp:attachment":[{"href":"https:\/\/www.leuksys.com\/website\/wp-json\/wp\/v2\/media?parent=15472"}],"curies":[{"name":"wp","href":"https:\/\/api.w.org\/{rel}","templated":true}]}}